{"id":2827,"date":"2024-11-10T22:07:03","date_gmt":"2024-11-10T21:07:03","guid":{"rendered":"https:\/\/apartamentosvacacionalesalicante.com\/?page_id=2827"},"modified":"2025-01-16T13:12:31","modified_gmt":"2025-01-16T12:12:31","slug":"aviso-legal","status":"publish","type":"page","link":"https:\/\/apartamentosvacacionalesalicante.com\/en\/aviso-legal\/","title":{"rendered":"Legal Notice"},"content":{"rendered":"<div data-elementor-type=\"wp-page\" data-elementor-id=\"2827\" class=\"elementor elementor-2827\" data-elementor-post-type=\"page\">\n\t\t\t\t<div data-particle_enable=\"false\" data-particle-mobile-disabled=\"false\" class=\"elementor-element elementor-element-c0da26e e-flex e-con-boxed e-con e-parent\" data-id=\"c0da26e\" data-element_type=\"container\" data-e-type=\"container\">\n\t\t\t\t\t<div class=\"e-con-inner\">\n\t\t\t\t<div class=\"elementor-element elementor-element-504d118 elementor-widget elementor-widget-text-editor\" data-id=\"504d118\" data-element_type=\"widget\" data-e-type=\"widget\" data-widget_type=\"text-editor.default\">\n\t\t\t\t<div class=\"elementor-widget-container\">\n\t\t\t\t\t\t\t\t\t<p><strong>AVISO LEGAL:<\/strong><\/p><p>\u00a0<\/p><p>Para dar cumplimiento a lo establecido en la Ley 34\/2002 de 11 de julio, de Servicios de la Sociedad de la Informaci\u00f3n y de Comercio Electr\u00f3nico (LSSICE), a continuaci\u00f3n se indican los datos de informaci\u00f3n general del sitio web www.apartamentosvacacionalesalicante.com:<br \/><br \/><strong><em>Raz\u00f3n Social<\/em><\/strong>: Servicios e Intervenciones en Edificaci\u00f3n del Mediterr\u00e1neo S.L. con CIF: B54803101 y Domicilio Social en Calle Padre Mariana n\u00ba 62 (03004 &#8211; Alicante), Correo electr\u00f3nico: avaflats@siemservicios.com e Inscrita en el Registro Mercantil de Alicante Tomo 3795, Folio 197, Hoja A-141223, Inscripci\u00f3n 1\u00aa.<br \/><br \/><\/p><p><strong><em>Utilizaci\u00f3n del sitio web<\/em><\/strong>: El prop\u00f3sito del sitio web es proporcionar informaci\u00f3n sobre los servicios ofrecidos por Servicios e Intervenciones en Edificaci\u00f3n del Mediterr\u00e1neo S.L. (GRUPO AVA FLATS) a sus usuarios y clientes.<\/p><p><strong><em><br \/>Privacidad<\/em><\/strong>: \u201cVer Pol\u00edtica de Privacidad\u201d<\/p><p><strong><em><br \/>Uso de Cookies<\/em><\/strong>: \u201cVer Pol\u00edtica de Cookies\u201d<br \/><br \/><\/p><p><strong><em>V\u00ednculos a terceros<\/em><\/strong>: En el caso de v\u00ednculos a sitios de terceros, el usuario pasar\u00e1 a estar regido por los T\u00e9rminos de Uso y Pol\u00edtica de Privacidad del nuevo sitio web, aceptando que Servicios e Intervenciones en Edificaci\u00f3n del Mediterr\u00e1neo S.L. no ser\u00e1 responsable ni tendr\u00e1 obligaci\u00f3n legal por el uso de tales sitios.<br \/><br \/><\/p><p><strong><em>Propiedad Intelectual<\/em><\/strong>: Todos los contenidos, dise\u00f1o gr\u00e1fico, im\u00e1genes, textos, logotipos y otros elementos que forman parte del sitio web son propiedad exclusiva de GRUPO AVA FLATS o de terceros que han autorizado su uso. Queda prohibida la reproducci\u00f3n total o parcial de dichos contenidos sin el consentimiento expreso de GRUPO AVA FLATS.<br \/><br \/><\/p><p><strong><em>Modificaciones de los T\u00e9rminos de Uso y Pol\u00edtica de Privacidad<\/em><\/strong>: Servicios e Intervenciones en Edificaci\u00f3n del Mediterr\u00e1neo S.L. se reserva el derecho a modificar sus T\u00e9rminos de Uso y Pol\u00edtica de Privacidad cuando lo considere adecuado. El usuario se obliga a revisar el contenido de estos T\u00e9rminos de Uso y Pol\u00edtica de Privacidad, ya que los mismos pueden ser modificados sin previo aviso. As\u00ed mismo, comprende y acepta todas y cada una de las cl\u00e1usulas contenidas en el presente documento. Es de la entera responsabilidad del usuario revisar los t\u00e9rminos antes mencionados<\/p>\t\t\t\t\t\t\t\t<\/div>\n\t\t\t\t<\/div>\n\t\t\t\t\t<\/div>\n\t\t\t\t<\/div>\n\t\t\t\t<\/div>","protected":false},"excerpt":{"rendered":"<p>AVISO LEGAL: \u00a0 Para dar cumplimiento a lo establecido en la Ley 34\/2002 de 11 de julio, de Servicios de la Sociedad de la Informaci\u00f3n&#8230;(ver m\u00e1s)<\/p>","protected":false},"author":1,"featured_media":0,"parent":0,"menu_order":0,"comment_status":"closed","ping_status":"closed","template":"elementor_header_footer","meta":{"_acf_changed":false,"footnotes":""},"class_list":["post-2827","page","type-page","status-publish","hentry"],"acf":[],"_links":{"self":[{"href":"https:\/\/apartamentosvacacionalesalicante.com\/en\/wp-json\/wp\/v2\/pages\/2827","targetHints":{"allow":["GET"]}}],"collection":[{"href":"https:\/\/apartamentosvacacionalesalicante.com\/en\/wp-json\/wp\/v2\/pages"}],"about":[{"href":"https:\/\/apartamentosvacacionalesalicante.com\/en\/wp-json\/wp\/v2\/types\/page"}],"author":[{"embeddable":true,"href":"https:\/\/apartamentosvacacionalesalicante.com\/en\/wp-json\/wp\/v2\/users\/1"}],"replies":[{"embeddable":true,"href":"https:\/\/apartamentosvacacionalesalicante.com\/en\/wp-json\/wp\/v2\/comments?post=2827"}],"version-history":[{"count":9,"href":"https:\/\/apartamentosvacacionalesalicante.com\/en\/wp-json\/wp\/v2\/pages\/2827\/revisions"}],"predecessor-version":[{"id":2974,"href":"https:\/\/apartamentosvacacionalesalicante.com\/en\/wp-json\/wp\/v2\/pages\/2827\/revisions\/2974"}],"wp:attachment":[{"href":"https:\/\/apartamentosvacacionalesalicante.com\/en\/wp-json\/wp\/v2\/media?parent=2827"}],"curies":[{"name":"wp","href":"https:\/\/api.w.org\/{rel}","templated":true}]}}

<div data-elementor-type="wp-page" data-elementor-id="2827" class="elementor elementor-2827" data-elementor-post-type="page">
				<div data-particle_enable="false" data-particle-mobile-disabled="false" class="elementor-element elementor-element-c0da26e e-flex e-con-boxed e-con e-parent" data-id="c0da26e" data-element_type="container" data-e-type="container">
					<div class="e-con-inner">
				<div class="elementor-element elementor-element-504d118 elementor-widget elementor-widget-text-editor" data-id="504d118" data-element_type="widget" data-e-type="widget" data-widget_type="text-editor.default">
				<div class="elementor-widget-container">
									<p><strong>AVISO LEGAL:</strong></p><p> </p><p>Para dar cumplimiento a lo establecido en la Ley 34/2002 de 11 de julio, de Servicios de la Sociedad de la Información y de Comercio Electrónico (LSSICE), a continuación se indican los datos de información general del sitio web www.apartamentosvacacionalesalicante.com:<br /><br /><strong><em>Razón Social</em></strong>: Servicios e Intervenciones en Edificación del Mediterráneo S.L. con CIF: B54803101 y Domicilio Social en Calle Padre Mariana nº 62 (03004 &#8211; Alicante), Correo electrónico: avaflats@siemservicios.com e Inscrita en el Registro Mercantil de Alicante Tomo 3795, Folio 197, Hoja A-141223, Inscripción 1ª.<br /><br /></p><p><strong><em>Utilización del sitio web</em></strong>: El propósito del sitio web es proporcionar información sobre los servicios ofrecidos por Servicios e Intervenciones en Edificación del Mediterráneo S.L. (GRUPO AVA FLATS) a sus usuarios y clientes.</p><p><strong><em><br />Privacidad</em></strong>: “Ver Política de Privacidad”</p><p><strong><em><br />Uso de Cookies</em></strong>: “Ver Política de Cookies”<br /><br /></p><p><strong><em>Vínculos a terceros</em></strong>: En el caso de vínculos a sitios de terceros, el usuario pasará a estar regido por los Términos de Uso y Política de Privacidad del nuevo sitio web, aceptando que Servicios e Intervenciones en Edificación del Mediterráneo S.L. no será responsable ni tendrá obligación legal por el uso de tales sitios.<br /><br /></p><p><strong><em>Propiedad Intelectual</em></strong>: Todos los contenidos, diseño gráfico, imágenes, textos, logotipos y otros elementos que forman parte del sitio web son propiedad exclusiva de GRUPO AVA FLATS o de terceros que han autorizado su uso. Queda prohibida la reproducción total o parcial de dichos contenidos sin el consentimiento expreso de GRUPO AVA FLATS.<br /><br /></p><p><strong><em>Modificaciones de los Términos de Uso y Política de Privacidad</em></strong>: Servicios e Intervenciones en Edificación del Mediterráneo S.L. se reserva el derecho a modificar sus Términos de Uso y Política de Privacidad cuando lo considere adecuado. El usuario se obliga a revisar el contenido de estos Términos de Uso y Política de Privacidad, ya que los mismos pueden ser modificados sin previo aviso. Así mismo, comprende y acepta todas y cada una de las cláusulas contenidas en el presente documento. Es de la entera responsabilidad del usuario revisar los términos antes mencionados</p>								</div>
				</div>
					</div>
				</div>
				</div>

<p>AVISO LEGAL:   Para dar cumplimiento a lo establecido en la Ley 34/2002 de 11 de julio, de Servicios de la Sociedad de la Información&#8230;(ver más)</p>
